 greatest common divisor of l and 24.
8
Suppose 15*u + 5*z = 16*u - 5146, 2*u - 10208 = -2*z. Calculate the greatest common factor of 19 and u.
19
Suppose 46907 + 2428 = 69*f. Calculate the highest common divisor of f and 33.
11
Let k be (-213)/(-5) + 6/(-10). Let d(t) = -3*t + 54. Let f be d(10). What is the greatest common factor of k and f?
6
Let v = -6715 + 6909. Calculate the greatest common factor of 2 and v.
2
Suppose -8548 = -5*v + 4*r, -3*v = 9*r - 8*r - 5156. Calculate the greatest common factor of v and 352.
44
Let a(z) = 1114*z**2 + 32*z - 256. Let u be a(6). Calculate the highest common factor of u and 10.
10
Let r be 4 + -8 - -1 - -48. Let q be -3*(-6)/r + 490/25. Suppose -4*g = n - 125, -23 = -g - 3*n + 22. What is the highest common divisor of q and g?
10
Let c = 1 + 49. Let t(j) = j**2 + 22*j + 121. Let w be t(-41). Calculate the greatest common factor of w and c.
50
Let r = -1146 - -1534. What is the highest common divisor of r and 28?
4
Let x(t) = 9 - 2*t - 8 - 5*t**2 - t**3 + 3*t + 9. Let g be x(-3). Let n be 2922/22 + ((-35)/g - 3). Calculate the highest common factor of n and 19.
19
Let q = 30 - 6. Suppose -22*c - 42 = -q*c. Calculate the greatest common factor of 189 and c.
21
Let x be 4 - (15/3 + -10) - 1. Let f(m) = m**3 - 10*m**2 + 16*m + 26. Let v be f(x). What is the highest common divisor of v and 143?
13
Let x = -249 + 689. Calculate the highest common divisor of x and 32.
8
Let d(j) = 4*j**2 - 208*j + 789. Let u be d(66). What is the greatest common factor of 138 and u?
69
Let g(r) = r**3 - 2*r**2 - 10*r + 4. Suppose -n + 0*n + 4 = 0. Let j be g(n). Let x be (15/(-9))/(j/12). What is the greatest common divisor of x and 15?
5
Suppose -2*w = 9*a - 5*a - 34, 2*w + 14 = 4*a. Suppose 2*d + 5 - 46 = c, -5*c + 68 = 3*d. Suppose -b + a = -d. What is the highest common factor of 243 and b?
27
Let s be 5817/27 - ((-618)/(-54) + -11). Calculate the greatest common factor of 65 and s.
5
Let u be 17/5 - (-4)/(-10). Suppose 225*w + 5214 = 214*w. Let n = -450 - w. Calculate the highest common divisor of u and n.
3
Suppose -38*h = -3*v - 40*h + 2206, -h = -v + 737. Let f(a) = a**3 - 5*a**2 - 6*a - 10. Let g be f(7). Calculate the greatest common divisor of g and v.
46
Let n(d) = 3*d**2 - 9*d + 24. Let y be n(11). Suppose 25*l - 91*l + 8448 = 0. Calculate the greatest common divisor of l and y.
32
Let a(h) = h**2 + 42*h + 888. Let l be a(-19). Calculate the highest common divisor of l and 287.
41
Suppose -4*t = -5*w - 84, -16 = -0*t - 2*t - 4*w. Suppose c + 77 - 197 = 0. What is the highest common factor of c and t?
8
Let j = 27818 + -27742. What is the greatest common divisor of 1615 and j?
19
Let t = -18 + 24. Let j be (-16140)/(-44) + t/33. Suppose 0 = -12*q + j + 353. What is the greatest common factor of q and 24?
12
Let g be (3/2)/(-3)*-2*(-288)/(-8). What is the highest common divisor of 1926 and g?
18
Suppose -69795 - 25727 = -343*k + 46137. Calculate the highest common factor of k and 6667.
59
Suppose -79*m + 78*m + 510 = 0. Calculate the greatest common factor of 1632 and m.
102
Let u be (2 + 18 - 0)/(22/352). Let h = u - 229. Let o(g) = 3*g**2 - g - 1. Let p be o(-2). What is the highest common divisor of p and h?
13
Let l = 185 + -115. Let g = -143 - -41. Let n = -88 - g. Calculate the greatest common factor of l and n.
14
Let n be 12216/10 - (-12)/30. Suppose 6*t - 728 - n = 0. What is the greatest common divisor of 50 and t?
25
Let l = 31 - 22. Let g = -69 - l. Let x be 55/6 + 13/g. Calculate the greatest common divisor of 99 and x.
9
Suppose 5*p + 0*p - 3*b - 200 = 0, 0 = 5*p - 4*b - 205. Let n = p - 36. Let g be (n - -21) + 4/4. What is the highest common factor of 46 and g?
23
Suppose 3*q - g - 362 = 3223, -5*q + 4*g + 5975 = 0. Calculate the greatest common factor of 10 and q.
5
Let h(y) = -174*y + 3328. Let x be h(19). Let m = 6 + -2. Calculate the greatest common factor of x and m.
2
Suppose 2*k + 2*n = 14786, 0 = 282*k - 283*k + n + 7391. Calculate the greatest common divisor of 88 and k.
88
Suppose -17*m + 1152 = -33*m + 25*m. What is the greatest common divisor of 6 and m?
2
Suppose -10*n + 664 = -186. Let p = n - 76. Calculate the greatest common divisor of p and 36.
9
Let q = 0 - 2. Let r(i) = 9*i**2 + 2*i - 2. Let l be r(q). Let b(g) = -119*g + 1503. Let z be b(12). Calculate the highest common factor of l and z.
15
Suppose 20*i + 1372 = 27*i. Suppose 22*v + i = 29*v. Suppose -u + c = -2, 4*u - 22 - 2 = -4*c. Calculate the greatest common divisor of v and u.
4
Suppose 115*q - 112033 = 21252. Calculate the highest common factor of q and 19.
19
Let u = 6047 - 4812. Calculate the highest common divisor of u and 91.
13
Let f be ((-340)/(-119))/(1/168*4). What is the highest common factor of 1176 and f?
24
Suppose 3*i - 126 = -0*i. Suppose 0*c + 347 = 2*c - 3*f, 5*c - 877 = -2*f. Let r = 511 - c. Calculate the highest common factor of r and i.
42
Let x = -10069 + 15635. Calculate the greatest common factor of 44 and x.
22
Suppose 321*k = 1683565 + 1886597. What is the highest common divisor of 536 and k?
134
Suppose -61 = -3*j - 25. Let l = j - 0. Suppose -l*w + 45 = -7*w. Calculate the greatest common factor of 45 and w.
9
Let o = 1199 - 1045. Calculate the greatest common divisor of o and 6237.
77
Suppose -942*w = 505*w - 89714. Suppose 3*a = 2*a + 2. Calculate the greatest common divisor of w and a.
2
Suppose 0 = 6*r + 1015 + 1955. Let g = -305 - r. What is the greatest common factor of g and 38?
38
Let h(f) = f**3 - 6*f**2 + 16*f - 19. Let l be h(6). Let t(n) = 7*n + 11. Let b be t(-10). Let k = l + b. What is the highest common divisor of 18 and k?
18
Let d(a) = 26*a - 30*a - 18*a - a**2. Let u be d(-18). Calculate the highest common factor of 8 and u.
8
Suppose 23 = 7*i - 166. Let p be i/135 - (6/(-10))/(-3). Suppose 4*u = -p*u + 572. What is the greatest common factor of u and 11?
11
Let u be (-1 + 2)*-123*(-28)/12. Suppose 0 = -u*f + 282*f + 150. Calculate the highest common factor of 42 and f.
6
Let j = 549 + -11. What is the greatest common factor of 2 and j?
2
Suppose 2*s + 0*s + 2 = 0, 0 = 5*j - 5*s - 425. Let m(l) = -7*l**2 + 152*l - 93. Let i be m(21). Calculate the greatest common factor of i and j.
12
Suppose 0 = -1593*x + 1596*x - 96. What is the highest common factor of x and 4576?
32
Suppose 32*s - 2060 + 1804 = 0. Suppose 3*k - 816 = 1152. Calculate the greatest common divisor of k and s.
8
Let f = 34367 - 20078. Calculate the greatest common factor of 33 and f.
33
Suppose 3*i - 726 = 149*x - 144*x, -2*i - 4*x + 528 = 0. Calculate the greatest common divisor of i and 6768.
36
Suppose -j + 484 = 3*j. Suppose -230 = 5*f + 3*k, -k + 0*k = -f - 54. Let q = -38 - f. Calculate the highest common divisor of q and j.
11
Let l be ((-4)/5)/(12/25770). Let c = -1060 - l. What is the greatest common factor of 47 and c?
47
Let y(s) = -23*s**3 - 4*s**2 - 6*s - 3. Let o be y(-1). Suppose -z + b = -4*z + 10, -3*b = -4*z + o. Calculate the highest common factor of z and 124.
4
Let p(y) = 103*y - 24. Let q(s) = -104*s + 24. Let d(n) = 6*p(n) + 5*q(n). Let i be d(2). What is the greatest common divisor of i and 43?
43
Let k = 1010 - 915. Calculate the greatest common factor of 19 and k.
19
Suppose -4*w + 5*w + 361 = 0. Let b = w + 373. What is the highest common factor of 32 and b?
4
Let g(j) = 4*j**2 + j + 34. Let w be g(-5). Suppose -w - 1311 = -8*c. Calculate the greatest common factor of 20 and c.
20
Let j be (-2)/4 - (-158)/4. Let t = 233 + -203. Suppose 5*l - 77 = -2*m + 5*m, 2*l = m + t. What is the greatest common factor of j and l?
13
Let m = 1950 + 98. What is the greatest common factor of 192 and m?
64
Let x be (-20)/(-30) - (-1712)/6. Suppose -5*u = 5*g - 128 - 207, -4*g + 2*u = -x. What is the greatest common factor of g and 14?
14
Let f be (88/6)/((-12)/(-306)). Suppose o - 377 + f = 0. Calculate the highest common divisor of 27 and o.
3
Let g be 232798/102 - (-7)/(-3). Calculate the highest common factor of g and 100.
20
Let h be 1 - (8/1)/4 - -1. Let r be -3 + 117/(-26)*(2 + h). Let t be (-1)/(3/(-2)) + (-256)/r. What is the greatest common divisor of 154 and t?
22
Let y(f) be the first derivative of 17*f**2/2 - 132*f + 114. Let o be y(18). Calculate the highest common divisor of o and 